, what is 4 - 310750?
-310744
In base 12, what is 66 - bb?
-55
In base 16, what is f + -20c?
-1fd
In base 4, what is 1000 - 1103?
-103
In base 7, what is -44 - 2365?
-2442
In base 3, what is 1 + 2202211212?
2202211220
In base 10, what is 4678 + -280?
4398
In base 13, what is 11155 - -64?
111b9
In base 13, what is -116 - -10c6?
cb0
In base 13, what is -6 - 12aa8?
-12ab1
In base 8, what is -42 + -1517?
-1561
In base 13, what is -313 + -216?
-529
In base 12, what is 5699 - 29?
5670
In base 6, what is -2 - 15440?
-15442
In base 16, what is -722 - 2f9?
-a1b
In base 14, what is -53d62 - 2?
-53d64
In base 16, what is -3b0 + 18?
-398
In base 6, what is -135 + 121240?
121101
In base 13, what is -1632 - -a0?
-1562
In base 15, what is -4e1e + 3?
-4e1b
In base 12, what is 1a9507 - -5?
1a9510
In base 7, what is -62640 + 1?
-62636
In base 13, what is -54b - -354?
-1c7
In base 4, what is 122323021 + -10?
122323011
In base 5, what is -10221 + -4?
-10230
In base 16, what is 94eb3 + 3?
94eb6
In base 6, what is 54 + 242535?
243033
In base 10, what is -77139 + 3?
-77136
In base 11, what is 400 + -26?
385
In base 8, what is 66167 + 27?
66216
In base 9, what is 731 + -312?
418
In base 8, what is 11174 + 230?
11424
In base 8, what is 564133 - -5?
564140
In base 5, what is -41122103 + 2?
-41122101
In base 3, what is -2020012 - 10?
-2020022
In base 13, what is 3 - 4a30?
-4a2a
In base 7, what is 115 + 5641?
6056
In base 13, what is -2 - -1483?
1481
In base 8, what is 2741 - -564?
3525
In base 5, what is -34 - -10312403?
10312314
In base 6, what is 534 - -21?
555
In base 9, what is 5 + -24402?
-24386
In base 5, what is 2 - -3212344?
3212401
In base 15, what is 201057 + 4?
20105b
In base 6, what is 1 - -432423?
432424
In base 13, what is -2 + -204433?
-204435
In base 16, what is 569d + 2c?
56c9
In base 8, what is -30633 - -16?
-30615
In base 8, what is -5 - 26717?
-26724
In base 9, what is 146 - 25026?
-24770
In base 14, what is -bc + 76?
-46
In base 10, what is 193 - 195?
-2
In base 5, what is -344303041 - 0?
-344303041
In base 6, what is 11102120 - -11?
11102131
In base 11, what is 852503 - 4?
8524aa
In base 2, what is 0 - 1101100100101100111?
-1101100100101100111
In base 7, what is 113202 + -3?
113166
In base 12, what is 5 - -12552?
12557
In base 13, what is -16469 + -2?
-1646b
In base 4, what is -10 - 3333232?
-3333302
In base 7, what is -4 - 44230?
-44234
In base 9, what is -8 - -1631?
1622
In base 7, what is 22 - 542414?
-542362
In base 6, what is 0 - -133123?
133123
In base 3, what is -101 + -1000102202?
-1000110010
In base 5, what is 411 + -140?
221
In base 8, what is -510 + -375?
-1105
In base 13, what is 195cb1 + -4?
195caa
In base 8, what is 0 + -545555?
-545555
In base 11, what is -72 + 18a9?
1837
In base 13, what is -6 + -9a3?
-9a9
In base 9, what is 4 - 270848?
-270844
In base 2, what is 100000111101001100001 + 101?
100000111101001100110
In base 4, what is -323132 + -101232?
-1031030
In base 3, what is -21121 - 22211001?
-100002122
In base 16, what is 39 + -ff?
-c6
In base 5, what is -4304412 - -2?
-4304410
In base 10, what is -41 + -2611?
-2652
In base 12, what is 14 - 493?
-47b
In base 2, what is 1011100111101010 - 100?
1011100111100110
In base 9, what is 67 - -615?
683
In base 16, what is -45a5 + -c?
-45b1
In base 6, what is -1025 + -10101?
-11130
In base 10, what is 2 - -3540?
3542
In base 8, what is -145 + 6626?
6461
In base 4, what is -11222311 - 230?
-11223201
In base 10, what is 11913 + 3?
11916
In base 5, what is -111 + 14421?
14310
In base 2, what is 10 + -1110110100011101101?
-1110110100011101011
In base 9, what is 2 - -151508?
151511
In base 5, what is -113302 + -20?
-113322
In base 15, what is 13a + -11e0?
-10a5
In base 3, what is 1000110012011 + -10?
1000110012001
In base 3, what is -1210000 + -1002?
-1211002
In base 6, what is 42 + -12521?
-12435
In base 3, what is -211110 - 100220212?
-101202022
In base 4, what is 2223 - -310?
3133
In base 4, what is 2 + -322222213?
-322222211
In base 9, what is 18211 + -11?
18200
In base 3, what is -1220120221210 + 1?
-1220120221202
In base 5, what is -110013 + 2142?
-102321
In base 13, what is 50971 + -4?
5096a
In base 8, what is 1264 + 437?
1723
In base 3, what is -2 - -221211?
221202
In base 7, what is 10216512 - -5?
10216520
In base 8, what is -2532473 + -1?
-2532474
In base 6, what is -2242200 + 4?
-2242152
In base 13, what is -37bc + 2b?
-3791
In base 14, what is 337bb - -4?
337c1
In base 12, what is 0 - b778?
-b778
In base 13, what is 101 + -137?
-36
In base 16, what is -3 - 50ef3?
-50ef6
In base 9, what is 46 + -1127?
-1071
In base 2, what is 111111111110100 + -110010?
111111111000010
In base 5, what is -222000 - -11?
-221434
In base 7, what is 132 - 6?
123
In base 13, what is 53 - -306?
359
In base 16, what is 1f - -9f5?
a14
In base 4, what is -12 + 13301100?
13301022
In base 4, what is -32123310 + 31?
-32123213
In base 10, what is -1 + -40608?
-40609
In base 6, what is 121204114 - 5?
121204105
In base 16, what is 3d9f2 - -a?
3d9fc
In base 14, what is 237b6 - 5?
237b1
In base 12, what is 3034 + -6a?
2b86
In base 11, what is -16142 - -18?
-16125
In base 5, what is 2 + -23413402?
-23413400
In base 5, what is 121123 - -21?
121144
In base 7, what is -5636 - 105?
-6044
In base 2, what is 110001100 - 101010?
101100010
In base 4, what is 121 + 20232012?
20232133
In base 9, what is -1444 - 56?
-1511
In base 7, what is 131150 - -20?
131200
In base 11, what is -1447 - 0?
-1447
In base 7, what is -201 + 541?
340
In base 14, what is dd3 + -152?
c81
In base 15, what is 2d + -59a?
-56c
In base 5, what is -1210 - 302?
-2012
In base 10, what is 19 + 91430?
91449
In base 10, what is 191 + 1020?
1211
In base 16, what is -2 + -1c13b?
-1c13d
In base 14, what is 0 - -1273?
1273
In base 14, what is 3 + -26d252?
-26d24d
In base 16, what is -26008e + 4?
-26008a
In base 12, what is -828 - -27?
-801
In base 4, what is 1001 + -120?
221
In base 11, what is 238 + -229?
a
In base 15, what is 24 + 1391?
13b5
In base 14, what is 664 + -24a?
418
In base 8, what is -21 - -14275?
14254
In base 15, what is -1 + -1245?
-1246
In base 9, what is 0 - -547766?
547766
In base 8, what is 135536 + -2?
135534
In base 11, what is -4 - -79a0?
7997
In base 7, what is 216 + -2603?
-2354
In base 16, what is -4 - -264f?
264b
In base 15, what is 4 - -26464?
26468
In base 15, what is db67 - 3?
db64
In base 15, what is -4 + 1c301?
1c2ec
In base 7, what is -353525 + 53?
-353442
In base 7, what is 553 + -152?
401
In base 5, what is -313100144 - 1?
-313100200
In base 12, what is -9 - -10178?
1016b
In base 5, what is 101243103 - -3?
101243111
In base 5, what is -30 + 413430?
413400
In base 10, what is -2 - 347122?
-347124
In base 10, what is -134970 - 15?
-134985
In base 9, what is 5605 + 221?
5826
In base 15, what is 21 + 18?
39
In base 13, what is -3 - -74ca?
74c7
In base 3, what is 111011010 + 202?
111011212
In base 14, what is -3 + -a05?
-a08
In base 14, what is d89c - 5?
d897
In base 6, what is 112225 + 3?
112232
In base 2, what is 1 - -1100010110001000?
1100010110001001
In base 13, what is -177241 + -2?
-177243
In base 12, what is 4b873 + 8?
4b87b
In base 7, what is -300041 - 5?
-300046
In base 7, what is -4 - 1244005?
-1244012
In base 14, what is -2 - 1866d?
-18671
In base 16, what is -461 + -9d0?
-e31
In base 7, what is -3 + -113311?
-113314
In base 4, what is -13 + 10011210?
10011131
In base 12, what is 21 - -3389?
33aa
In base 3, what is -12020 + 112000021?
111211001
In base 6, what is 2 + 11114154?
11114200
In base 11, what is 2 - 7774?
-7772
In base 7, what is 5 + 50523?
50531
In base 12, what is 19 + -217?
-1ba
In base 4, what is -3 - -233013?
233010
In base 14, what is 2 - 3d10?
-3d0c
In base 3, what is 10201012 - 12?
10201000
In base 3, what is -2 + -1021121020002?
-1021121020011
In base 8, what is 5 + -510603?
-510576
In base 14, what is -18 - -2086?
206c
In base 14, what is 49234 - 3?
49231
In base 10, what is -34490 - 3?
-34493
In base 9, what is 72 - -1116?
1188
In base 4, what is 3022 - 131100?
-122012
In base 12, what is -266786 + 0?
-266786
In base 3, what is -10112 - -2220?
-122
In base 16, what is -4 + 15595?
15591
In base 14, what is b - 3632?
-3625
In base 13, what is -7 - -3a7a6?
3a79c
In base 6, what is -4341 + -111?
-4452